) = 1 + 0 + 9*v**2 - v**3 + 4*v + 0*v - 13. Let f be b(9). What is the highest common factor of f and d?
24
Suppose 25 = 2*k + 5. What is the highest common divisor of 18 and k?
2
Suppose 4*h + 0*h = 8. Let z = h - 0. Suppose -v + 8 = -z. Calculate the greatest common divisor of 10 and v.
10
Let b be (16 - 2)*60/14. Suppose 3*u - 33 = -m, 2*u - 14 - 48 = -2*m. What is the greatest common factor of m and b?
30
Suppose -5*c = 4*v - 227 - 127, 2*v - 2*c = 186. Let k = 31 + -18. Calculate the highest common factor of k and v.
13
Suppose -9*j = -5*j - 104. What is the greatest common divisor of j and 442?
26
Let n be (-200)/(-250) - (-562)/10. What is the highest common divisor of n and 285?
57
Let c(q) = q**2 + 8*q - 7. Let z be c(-9). Let h be -1*(-2 + -1 + z). Suppose -5*r - h = -136. What is the highest common divisor of 18 and r?
9
Let v = 378 - 231. Calculate the greatest common divisor of v and 196.
49
Let c(y) = -37*y + 30. Let l be c(-7). Suppose 0 = -2*u + 53 + l. Calculate the greatest common factor of 19 and u.
19
Let d be 122 - (-5)/((-25)/(-20))*1. What is the highest common divisor of d and 84?
42
Suppose 2*m + 2*v - 1278 = 0, -22*m + 5*v - 2558 = -26*m. What is the highest common divisor of m and 13?
13
Suppose 352 = 23*l + 99. What is the greatest common divisor of 11 and l?
11
Suppose -4*k = -7*k + 2*g, -5*k + 7 = -g. Suppose -16 = -k*y + 32. Calculate the highest common divisor of 96 and y.
24
Let f be 3/(33/6 - (4 - 0)). Suppose -1483 = -5*w - t, 7*w - 3*t - 1491 = f*w. What is the greatest common divisor of 33 and w?
33
Suppose 4*d = -2*f + 6212, 13*f - 9*f = -2*d + 3112. Calculate the highest common factor of 97 and d.
97
Suppose -210 = 9*c - 14*c. What is the highest common factor of 105 and c?
21
Let y = -139 + 211. Suppose -8*j + 4*j = -b - 101, 2*b = 3*j - y. Calculate the greatest common factor of 13 and j.
13
Let h = 100 - 111. Let l be 2/h + (-404)/(-44). What is the greatest common factor of 72 and l?
9
Suppose 11*m - 28 = -127. Suppose 72 = 4*j - 4*b, -3*j = -b + 2*b - 74. Let n = j + m. What is the highest common divisor of 35 and n?
7
Let r(l) be the third derivative of l**5/60 - 7*l**4/24 + 4*l**3/3 - 41*l**2. Let i be r(6). What is the greatest common factor of i and 18?
2
Let n be 312/14 + 4/(-14). Let f(o) = -o**3 + 22*o**2 + 4*o - 42. Let l be f(n). What is the highest common divisor of 69 and l?
23
Let o(r) = -r + 3. Let c be o(0). Let z(u) = -2*u + 3*u + 2 + 5*u. Let x be z(c). What is the highest common factor of 5 and x?
5
Suppose -4*u + 80 = -2*u. Suppose 14*b + 20 = 10*b, 0 = -5*i + 4*b + 1155. Let r = i + -222. What is the highest common divisor of u and r?
5
Suppose -207 = -8*o + 225. Calculate the greatest common divisor of 45 and o.
9
Suppose g + g = 34. Let y be -3 + -4 + 5 + 471. Let m = -282 + y. Calculate the highest common divisor of g and m.
17
Let n = -1352 + 2008. What is the greatest common divisor of 48 and n?
16
Suppose 0 = -32*d - 127 + 2207. Calculate the highest common factor of d and 1495.
65
Let k = 38 - 26. Suppose 205 = -k*d + 577. What is the highest common factor of d and 31?
31
Suppose 30 = -3*d + 6. Let k(p) be the second derivative of p**4/6 + 11*p**3/6 - p**2/2 - 2*p. Let r be k(d). Calculate the greatest common factor of 26 and r.
13
Suppose -14*q + 314 + 218 = 0. What is the highest common divisor of q and 114?
38
Let s be -1*((5 - 4) + -2) + 4. Suppose -80 = -0*q - s*q. What is the greatest common factor of 144 and q?
16
Suppose -3*i = -0*i - 7*i. Let f be (1 - -3) + i + 45. Suppose -4*w + 17 + 11 = 0. What is the greatest common divisor of w and f?
7
Let b(y) = 9*y - 3. Let u be b(4). Suppose -3*j + q = -2*q + 6, -4*q - 1 = -j. Let m be j*(22/(-3))/2. What is the highest common factor of m and u?
11
Let l = -86 + 51. Let r = l - -51. Calculate the highest common divisor of r and 64.
16
Let g(b) = -85*b - 5. Let a be g(-2). Let y = 24 + a. What is the highest common factor of y and 27?
27
Suppose -u + 43 + 139 = 0. What is the highest common divisor of 14 and u?
14
Suppose 49*t - 2269 = 3856. What is the highest common divisor of 15 and t?
5
Let v be 4/(-3)*(-45)/(-10). Let m be ((-4)/v)/((-12)/(-18)). Suppose 5*r - m - 74 = 0. Calculate the highest common factor of r and 3.
3
Let z be (-200)/(-14) - (-4)/(-14). Suppose -262 = -2*g + 2*f, 3*g - f - 3*f = 398. Calculate the greatest common divisor of g and z.
14
Let y(j) = -2*j + 18. Let o be y(8). Suppose -o*z + 117 = l, 2*z = 5*z + 4*l - 178. Let d be 89 + (0 - (5 + -3)). What is the greatest common factor of d and z?
29
Let z(h) = -h**3 + 4*h**2 - 2*h - 1. Let x be z(3). Suppose 4*o - 10 = -x. Suppose 3*u - 30 = o*u. Calculate the highest common divisor of u and 15.
15
Suppose 86*n + 8920 = 90*n. What is the highest common factor of n and 10?
10
Suppose 5*j + 2213 = 5*k + 523, -3*k = -2*j - 1009. Let m = -323 - -126. Let o = k + m. What is the greatest common divisor of 17 and o?
17
Let h be 1 - 1 - -3 - -22. Let z be 5 + 5/(h/10). Calculate the highest common factor of z and 56.
7
Let y be -4 - -1 - (2 - 10). Let t be (2/(-5))/(y/(-3825)). Calculate the greatest common divisor of t and 34.
34
Let z(j) = 100*j + 18. Let m be z(5). Let y = m - 338. Calculate the greatest common factor of y and 20.
20
Let f = 7 - -7. Suppose -4*u + 12 = 0, -2*v - 5*u = -11 - 8. What is the highest common divisor of f and v?
2
Suppose 62 = 4*l - 258. Let y be 6*(-3 - l/(-12)). Suppose 0 = 4*b - 9*b + 110. What is the highest common factor of b and y?
22
Let a = -1220 - -869. Let t be a/(-18)*(-8)/(-3). What is the greatest common divisor of t and 78?
26
Let s(u) = -u**2 + 13*u - 19. Suppose 4*a + 2*c - 50 = 0, -3*a - 3 + 13 = -4*c. Let l be s(a). Calculate the greatest common factor of l and 55.
11
Suppose -7501*z + 7493*z + 192 = 0. Let d be (-3)/(105/(-48) + 2). Calculate the greatest common divisor of d and z.
8
Suppose -4*y + 253 = -19. Suppose 2*p - y = -4*k, -2*p - 3*k = p - 87. Let c(f) = f + 12. Let r be c(-6). What is the highest common factor of p and r?
6
Suppose -w = -4*b + 1874, -1880 = -b - 3*b + 4*w. Calculate the highest common divisor of 52 and b.
52
Let z = -40 - -45. Suppose -7 = -z*x + 8. What is the greatest common divisor of x and 1?
1
Suppose 4*v = 5*t - 282, -3*t + 180 = 10*v - 7*v. Calculate the greatest common divisor of 145 and t.
29
Let z(p) = 2*p**2 - 3*p - 4. Let a be z(4). Suppose 10*f - 990 = 21*f. Let t = -86 - f. Calculate the highest common factor of t and a.
4
Let i = 1749 - 1747. Suppose 4*g - 40 = 40. Calculate the greatest common divisor of g and i.
2
Let g be 468/30 - (128/(-20) - -7). Let c be 1/2*2 - -29. What is the greatest common divisor of g and c?
15
Let h = -5 - -10. Let w = h + 3. Let u be (w/12)/(4/18). Calculate the greatest common divisor of 2 and u.
1
Let t = 476 + -440. What is the highest common factor of t and 168?
12
Suppose -11*f = -14*f - 24. Let i be f*(-57)/12*1. Calculate the highest common factor of i and 114.
38
Let a(s) = 261*s + 34. Let w be a(1). What is the greatest common factor of 413 and w?
59
Suppose -11*l + 420 + 317 = 0. What is the highest common factor of 134 and l?
67
Let f = 16 + -16. Let o be (f - -7)*2/(-7) + 14. Let y = -53 - -77. What is the greatest common divisor of y and o?
12
Let o(l) = l + 11. Let d be o(9). Suppose -w + 5*c - 207 = -3*w, 322 = 3*w - 4*c. Suppose 2*q = w - 6. What is the highest common divisor of d and q?
10
Let c = -274 + 269. Suppose -1563 = 2*i - 99. Let w be i/(-20) - 2/c. Calculate the greatest common divisor of 259 and w.
37
Let r(x) = 9*x - 53. Let t be r(7). Calculate the highest common factor of t and 50.
10
Let r = -562 - -565. Calculate the highest common divisor of 29 and r.
1
Let a be (169/(-39))/((-1)/9). Suppose 0 = -0*d + d - a. Let o be (-1 + -1)/(-1 - (-33)/39). What is the greatest common divisor of o and d?
13
Suppose 2*x + 6*w = 3*w + 169, x = -w + 83. Suppose 5*y - 3*y - x = 0. Calculate the greatest common divisor of 5 and y.
5
Let r be (93/155)/(2/30). Let o = 6 + 21. Calculate the highest common divisor of r and o.
9
Suppose -2*g + 0*i - 2 = i, 0 = 4*g - 4*i + 28. Let q = g - -8. Suppose -25 = -2*k - q. Calculate the highest common divisor of k and 25.
5
Let p = -5 + 2. Let j be (20/12)/((-5)/15). Let v be p*(-